p(h) = h**2 - 1. Let a be p(2). Suppose 8*w - 15 = a*w. Suppose 0 = n + w, -v - 3 = 4*n - 2*n. Calculate the greatest common divisor of 1 and v.
1
Suppose 5*n - 6*d - 2 - 22 = 0, -2*n = 4*d - 16. What is the highest common factor of 194 and n?
2
Suppose -3*g = -0 - 0. Suppose g = 2*z - 21 - 3. Calculate the highest common factor of z and 36.
12
Suppose 11*b - 900 = 8*b. Calculate the highest common factor of b and 60.
60
Let c = -33 + 36. Let r(d) = 2*d + 6 - 4*d**3 + 4*d**3 - 5*d + d**3. Let y be r(c). What is the greatest common factor of y and 8?
8
Suppose 343 = 3*j - 446. Suppose 3*d - 123 - 36 = -2*o, -j = -4*o + 5*d. What is the highest common factor of 8 and o?
8
Suppose -2*f + 220 = 2*g, -9*g = -5*g - 5*f - 440. What is the highest common factor of 165 and g?
55
Suppose -a + 8 = w, 2*w + 6 = 4*a - 2. Suppose -2*m = -a*m. Suppose m = -3*r - 3, -7 = -y + 2*r - 2. What is the greatest common divisor of y and 9?
3
Let g be (3 - 33/9)/((-12)/198). Calculate the highest common divisor of 275 and g.
11
Let s be 1 - (15572/(-136) - (-1)/(-2)). Calculate the greatest common divisor of 145 and s.
29
Let w be (1/(4/4))/(1/95). What is the highest common factor of w and 171?
19
Let u be (152/12 + -12)/(4/6150). Calculate the highest common divisor of 41 and u.
41
Suppose 3 = q + 1. Let t be (-21)/(-2)*8/6. Let b be q/(-12) + t/12. What is the greatest common factor of b and 4?
1
Let z(n) = -20*n + 1. Let j be z(3). Let s = j + 89. Suppose 3*v - s = v. What is the highest common divisor of 75 and v?
15
Let k(x) = 17 + 4 + 0*x - 5 + x. Let r be k(-6). Suppose -r = a - 15. What is the greatest common divisor of 1 and a?
1
Let r be 6*(3 + -3*104/144). What is the greatest common divisor of 8 and r?
1
Suppose 2*p - 3*z - 155 = 241, -577 = -3*p - 4*z. What is the highest common divisor of 78 and p?
39
Suppose -2*q = -5*r + 7, -2*q + 15 = q + r. What is the greatest common factor of 78 and q?
2
Suppose 0*c - 8*c = -80. Let u be (-3)/(-5) + 118/(-5). Let x = u + 73. Calculate the greatest common factor of c and x.
10
Let j = 54 - 20. Suppose -2*n + j = 3*a, -44 = -4*a - n - 2*n. Let l be 228/285 + (-171)/(-5). What is the greatest common factor of a and l?
7
Let l = -6 + 66. Let j(x) = -x**3 - 4*x**2 + x. Let o be j(-4). Let t be 9 + (7 + o - 0). Calculate the greatest common divisor of t and l.
12
Suppose 0 = 11*y - 6*y + q - 2971, 5*q + 1183 = 2*y. What is the highest common factor of y and 132?
66
Let f = 550 - 388. Let y be 1/(-3) + 1 + (-260)/(-15). What is the highest common divisor of f and y?
18
Suppose 52*p = 6533 + 3035. Let o = -15 - -9. Let r = 17 - o. What is the greatest common divisor of p and r?
23
Suppose -13*j + 1040 = -0*j. Let g(v) = 10*v. Let z be g(2). What is the greatest common divisor of j and z?
20
Suppose -t = -3*t + 14. Suppose -2*x + 35 = -h, -5*x - 3*h = h - 55. Suppose 5*s + 4*j = -x, -2*s - 13 = 4*j - j. What is the highest common factor of s and t?
1
Suppose -15*q = -5*q + 570. Let r = q - -85. What is the highest common divisor of r and 4?
4
Let u(a) = -a**2 - 20*a - 35. Let z be u(-15). Let o be (-15)/(-2)*z/15. What is the highest common factor of 20 and o?
20
Let j be ((-1)/(-2))/((-2)/(-384)). Let g = -104 - -124. Let h be (72/15 - 0)/(8/g). Calculate the highest common divisor of j and h.
12
Suppose -4*z = 30 - 118. Suppose -1 + 4 = -2*w - 5*g, -2*g = w - 1. What is the highest common divisor of z and w?
11
Suppose 5*r + 2*q - 6*q - 30 = 0, -4*q = -20. Suppose 0 = -5*w + 2*m + 456, -171 = -2*w - 2*m - m. What is the greatest common factor of r and w?
10
Let q = 111 - 167. Let x = -25 - q. Calculate the greatest common divisor of x and 124.
31
Suppose 0 = 2*b - 4*b + 4. Suppose 0 = b*h - 102 - 282. Suppose g - 4*g = -h. Calculate the greatest common divisor of 16 and g.
16
Let n(l) = 2*l**3 - 25*l**2 + 116*l + 2. Let t be n(6). Calculate the greatest common divisor of 30 and t.
10
Let g = -110 - -150. What is the greatest common divisor of g and 110?
10
Let v = 197 - 127. Let i be -36*((-15)/v + (-4)/14). Calculate the highest common factor of 12 and i.
6
Suppose 84 = -c + 4*c - 2*w, w = 0. Let j be 0 + (-6)/(-4) + 15/(-2). Let b be (12/(-8))/(j/784). What is the greatest common factor of c and b?
28
Let u = 53 + -53. Suppose 0 = -h, u*g + h = 3*g - 483. Let o(l) = 3*l**2 + 2*l + 2. Let w be o(-3). Calculate the highest common divisor of w and g.
23
Let k(o) = 8*o - 11. Let h be k(2). Suppose -h*x + 185 + 250 = 0. What is the greatest common divisor of x and 58?
29
Let c = 109 + -73. Calculate the highest common factor of c and 15.
3
Let l be -1 + ((-108)/6)/(-6). Let f(h) = -h**2 - 8*h - 7. Let d be f(-5). Calculate the highest common divisor of l and d.
2
Let z(b) = 2*b**2 - 7*b - 8. Let y be z(-8). Let x = y + -81. Suppose 125 + 65 = 5*s. What is the highest common factor of s and x?
19
Suppose 3*a = -2*a + 90. Let t be (3 + 0)/(5/20). What is the greatest common divisor of a and t?
6
Let r be 16/(-4) - -211 - (-24)/(-8). Calculate the greatest common factor of 12 and r.
12
Suppose 5*b = -3*o + 157, 2*o = 2*b + o - 54. Let n = 374 - 188. Let m = 17 + n. Calculate the highest common divisor of b and m.
29
Suppose -21*n - n + 616 = 0. Let q = -66 - -136. What is the greatest common factor of q and n?
14
Let y(n) = 8*n - 97. Let l be y(20). Let a(p) = -6*p - 18. Let t be a(-10). What is the greatest common divisor of l and t?
21
Let s be 1*(0 - (-18 + -1)). Let b(f) = 17*f - 33. Let d be b(17). Let w = d + -104. Calculate the highest common factor of w and s.
19
Suppose 5*k - 175 + 45 = 0. Suppose -559*q - 21*q + 114*q + 66638 = 0. Calculate the highest common factor of k and q.
13
Suppose 3*j - 3 = -2*p + 9, 4*p - 2*j = -8. Suppose -3*s + q - 2 = p, 3*q + 0 = 5*s + 2. Let b be 4/(-8)*s*16. What is the highest common factor of 1 and b?
1
Let t(u) = 4*u + 57. Let l = -7 + 7. Let o be t(l). Calculate the greatest common factor of o and 19.
19
Suppose 5*c + 45 = 140. Let x be (-488)/(-4) + 3 + 8. What is the highest common divisor of c and x?
19
Suppose 0*v + 10*v = 850. Calculate the greatest common factor of 119 and v.
17
Let h be (-279)/(-15) + (-8)/(-20). Let n = h + -13. Calculate the greatest common divisor of 66 and n.
6
Let m = -41 - -48. Suppose m*l - 62 = 1. Calculate the greatest common divisor of 171 and l.
9
Suppose -11*j + 432 = -503. Calculate the greatest common factor of j and 65.
5
Let v = 800 + -162. What is the highest common divisor of v and 44?
22
Let r(o) = 2*o - 11. Let w(p) = -p**2 + 8*p - 3. Let b be w(4). Let k be r(b). What is the highest common factor of k and 15?
15
Let t = 26 + -29. Let z(w) = 2*w**2 - 3. Let i be z(t). Suppose 10*n + 30 = i*n. Calculate the highest common factor of n and 12.
6
Suppose 4*t + 0*t - 672 = 0. Let j be ((-6)/72 - (-1527)/180)*10/4. Calculate the highest common factor of t and j.
21
Let v(j) = j**2 - 2*j + 7. Let m be v(10). Calculate the highest common factor of m and 6.
3
Suppose -870 = 5*d - 34*d. What is the highest common divisor of 1030 and d?
10
Suppose 7*n - 5*n - 108 = 0. Let z = n - 26. Calculate the highest common divisor of 42 and z.
14
Suppose 5*m - 8 = -l - 16 + 68, 0 = -4*l. Suppose 5*p - 134 = -3*d - d, 0 = -3*p - d + 86. Calculate the greatest common divisor of m and p.
6
Let z be -3*7/(-14)*132/9. What is the greatest common factor of 66 and z?
22
Let n be (14 - (-4 + 0)) + 0. Suppose 19*c = n*c - 19. Let p(q) = q**3 + 20*q**2 + 17*q - 8. Let s be p(c). What is the greatest common factor of s and 6?
6
Let c(g) be the first derivative of 1/3*g**3 + g - 7/4*g**4 - 5 + g**2. Let o be c(-1). Calculate the greatest common factor of o and 1.
1
Suppose -p - 55 = -c + 6*c, -2*c - 22 = 3*p. Let v = c + 11. Let y be 2 + 11 + v/(-1). Calculate the highest common factor of y and 143.
13
Let h(t) = t**3 + 3*t**2 + 4*t + 5. Let v be h(-2). Let n = -7 + 14. What is the greatest common factor of v and n?
1
Suppose -4*i + 168 = 10*i. What is the highest common factor of 3972 and i?
12
Let q(r) = 8*r - 124. Let u be q(24). What is the highest common divisor of 153 and u?
17
Let m(d) = 25*d + 24*d + 10 - 36*d. Let n be m(-5). Let k = -33 - n. What is the highest common divisor of k and 154?
22
Suppose j = v + 5, -4*j + 7 + 3 = v. Let m(u) = 4*u + 4. Let x be